454
What is the remainder when 287039 is divided by 5429?
4731
Calculate the remainder when 5913 is divided by 1482.
1467
Calculate the remainder when 51817815 is divided by 41.
6
Calculate the remainder when 3825 is divided by 314.
57
What is the remainder when 33921333 is divided by 255?
213
Calculate the remainder when 159078 is divided by 7573.
45
What is the remainder when 1650931 is divided by 1474?
51
Calculate the remainder when 23526621 is divided by 45.
36
What is the remainder when 11534100 is divided by 3509?
17
What is the remainder when 13738647 is divided by 3439?
3281
What is the remainder when 2709 is divided by 649?
113
Calculate the remainder when 14251632 is divided by 83.
34
What is the remainder when 316762 is divided by 630?
502
Calculate the remainder when 2715625870 is divided by 7632.
7630
Calculate the remainder when 29566 is divided by 28596.
970
What is the remainder when 1809209 is divided by 162?
155
What is the remainder when 94155582 is divided by 1257?
1254
What is the remainder when 10053 is divided by 4498?
1057
Calculate the remainder when 1166437 is divided by 129599.
46
Calculate the remainder when 269720 is divided by 370.
360
Calculate the remainder when 13862394 is divided by 178.
110
What is the remainder when 17806512 is divided by 1097?
8
What is the remainder when 142070 is divided by 609?
173
What is the remainder when 984246 is divided by 263?
100
What is the remainder when 39212 is divided by 31205?
8007
Calculate the remainder when 128685669 is divided by 4145.
4144
Calculate the remainder when 1523525 is divided by 892.
881
What is the remainder when 6055383 is divided by 336?
327
What is the remainder when 1113838 is divided by 102?
100
What is the remainder when 208772 is divided by 7129?
2031
What is the remainder when 219637 is divided by 109633?
371
Calculate the remainder when 511775 is divided by 13831.
28
Calculate the remainder when 124945 is divided by 124921.
24
Calculate the remainder when 17559 is divided by 648.
63
Calculate the remainder when 845853 is divided by 377.
242
What is the remainder when 15991150 is divided by 1922?
110
What is the remainder when 528078 is divided by 656?
654
What is the remainder when 5195994 is divided by 2934?
2814
What is the remainder when 142623 is divided by 3227?
635
What is the remainder when 2480551 is divided by 206712?
7
Calculate the remainder when 236536 is divided by 15440.
4936
Calculate the remainder when 26178 is divided by 1306.
58
What is the remainder when 401196948 is divided by 19?
16
Calculate the remainder when 516681 is divided by 479.
319
Calculate the remainder when 16840079 is divided by 1868.
59
What is the remainder when 403670 is divided by 2136?
2102
What is the remainder when 6074920 is divided by 294?
292
Calculate the remainder when 1307413 is divided by 739.
122
Calculate the remainder when 294813 is divided by 264.
189
Calculate the remainder when 3651987 is divided by 238.
115
What is the remainder when 2398632 is divided by 312?
288
What is the remainder when 1787058 is divided by 6849?
6318
What is the remainder when 4628847 is divided by 4565?
4502
Calculate the remainder when 50353627 is divided by 146.
125
Calculate the remainder when 394121511 is divided by 3042.
3033
Calculate the remainder when 4997797 is divided by 494.
493
What is the remainder when 69752467 is divided by 40?
27
Calculate the remainder when 110567 is divided by 1045.
842
Calculate the remainder when 104791 is divided by 52229.
333
What is the remainder when 24662415 is divided by 25?
15
What is the remainder when 1268443 is divided by 2?
1
Calculate the remainder when 25484697 is divided by 1837.
1833
What is the remainder when 92105 is divided by 1615?
50
What is the remainder when 2654243 is divided by 171?
152
Calculate the remainder when 23193407 is divided by 93.
44
What is the remainder when 2353518 is divided by 301?
300
Calculate the remainder when 26114294 is divided by 26114248.
46
What is the remainder when 119821 is divided by 29337?
2473
What is the remainder when 3059182 is divided by 335?
297
Calculate the remainder when 148781 is divided by 3966.
2039
Calculate the remainder when 136030 is divided by 751.
99
What is the remainder when 14127949 is divided by 587?
33
What is the remainder when 108713005 is divided by 5821?
9
Calculate the remainder when 30056 is divided by 7363.
604
Calculate the remainder when 751699 is divided by 83490.
289
What is the remainder when 180087 is divided by 89510?
1067
What is the remainder when 13130454 is divided by 1094204?
6
Calculate the remainder when 267299521 is divided by 9.
7
Calculate the remainder when 112366 is divided by 296.
182
What is the remainder when 1442326 is divided by 180288?
22
Calculate the remainder when 69167 is divided by 17136.
623
Calculate the remainder when 1182684 is divided by 3197.
2991
What is the remainder when 143738191 is divided by 527?
522
What is the remainder when 21364239 is divided by 168?
15
Calculate the remainder when 7703992 is divided by 180.
172
What is the remainder when 514429 is divided by 4719?
58
Calculate the remainder when 10607260 is divided by 228.
16
Calculate the remainder when 143220557 is divided by 40.
37
What is the remainder when 4748782 is divided by 1582898?
88
What is the remainder when 832903 is divided by 2479?
2438
What is the remainder when 1692986 is divided by 1462?
1452
What is the remainder when 191412 is divided by 444?
48
Calculate the remainder when 44619 is divided by 21859.
901
What is the remainder when 228457 is divided by 6704?
521
Calculate the remainder when 1111044 is divided by 298.
100
What is the remainder when 5833453 is divided by 126?
31
What is the remainder when 1545585 is divided by 58?
1
Calculate the remainder when 367145 is divided by 8745.
8600
What is the remainder when 2654588659 is divided by 163?
162
Calculate the remainder when 9279205 is divided by 1039.
935
What is the remainder when 6860907 is divided by 14?
11
What is the remainder when 281521 is divided by 92830?
3031
Calculate the remainder when 10670980 is divided by 561626.
86
Calculate the remainder when 4037878 is divided by 74775.
28
Calculate the remainder when 166829 is divided by 166814.
15
What is the remainder when 8449076 is divided by 3467?
3464
What is the remainder when 75226464 is divided by 1774?
1768
Calculate the remainder when 436000 is divided by 34.
18
What is the remainder when 76356502 is divided by 31?
30
What is the remainder when 197911 is divided by 9890?
111
What is the remainder when 94623 is divided by 1088?
1055
What is the remainder when 3718691 is divided by 5194?
4981
What is the remainder when 38503745 is divided by 733?
721
What is the remainder when 616034 is divided by 674?
672
Calculate the remainder when 828802 is divided by 280.
2
Calculate the remainder when 11220738 is divided by 13.
9
What is the remainder when 58829 is divided by 1067?
144
Calculate the remainder when 785439 is divided by 907.
884
What is the remainder when 3268206 is divided by 866?
788
Calculate the remainder when 133470 is divided by 1454.
1156
Calculate the remainder when 57571189 is divided by 47.
43
Calculate the remainder when 1808981 is divided by 446.
5
What is the remainder when 1143491 is divided by 1143389?
102
What is the remainder when 50549206 is divided by 193?
190
What is the remainder when 1657005 is divided by 1601?
1571
What is the remainder when 1610442 is divided by 690?
672
What is the remainder when 22329 is divided by 100?
29
Calculate the remainder when 2361893 is divided by 13269.
11
What is the remainder when 13370372 is divided by 36?
8
What is the remainder when 15767857 is divided by 362?
223
Calculate the remainder when 13800652 is divided by 372990.
22
Calculate the remainder when 1633341 is divided by 2821.
2803
What is the remainder when 6092655 is divided by 263?
260
Calculate the remainder when 886288 is divided by 2176.
656
Calculate the remainder when 949472196 is divided by 351.
348
What is the remainder when 1748806 is divided by 38015?
116
What is the remainder when 10746 is divided by 28?
22
What is the remainder when 1424539 is divided by 475?
14
What is the remainder w